148 (base 10) to base 13
-2a4c
-250 (base 14) to base 16
-1ce
Convert -553b (base 15) to base 5.
-1034211
Convert 1000121 (base 3) to base 12.
521
-1a34 (base 13) to base 8
-7532
-1112231 (base 4) to base 12
-3265
What is -1700 (base 14) in base 5?
-112431
What is -11011010110101 (base 2) in base 5?
-422010
Convert 2b5 (base 16) to base 9.
850
111000011100 (base 2) to base 14
1460
What is 2761 (base 8) in base 13?
900
What is -1000001010 (base 2) in base 15?
-24c
What is 9f3 (base 16) in base 12?
1583
Convert 353 (base 8) to base 9.
281
Convert -157 (base 11) to base 14.
-d1
-28a (base 13) to base 15
-202
Convert -104 (base 11) to base 5.
-1000
Convert -123 (base 8) to base 7.
-146
What is 351445 (base 7) in base 2?
1111011000010110
What is 11000001 (base 2) in base 3?
21011
-1135 (base 12) to base 13
-b42
Convert 3758 (base 10) to base 16.
eae
552011 (base 6) to base 11
31456
What is 594 (base 12) in base 13?
4c0
-10011110 (base 2) to base 12
-112
3a4 (base 15) to base 11
694
Convert -30d (base 16) to base 4.
-30031
-1713 (base 13) to base 2
-110101000100
What is 5a47 (base 12) in base 4?
2132113
448 (base 13) to base 2
1011100000
Convert -42c (base 13) to base 9.
-873
Convert -11122 (base 4) to base 9.
-424
What is -11144 (base 11) in base 13?
-7468
What is 53525 (base 6) in base 13?
3446
3982 (base 11) to base 7
21036
What is 15a4b (base 13) in base 16?
a153
10628 (base 9) to base 6
52425
-3100 (base 4) to base 2
-11010000
Convert -164054 (base 7) to base 3.
-1122202022
-1602 (base 8) to base 16
-382
What is 124440 (base 7) in base 4?
11222211
What is 3c4c (base 13) in base 14?
3243
Convert -3af (base 16) to base 13.
-577
-13223313 (base 4) to base 15
-94d9
What is 1ca9 (base 14) in base 9?
7167
Convert 35001 (base 7) to base 14.
3371
111110001000 (base 2) to base 5
111401
What is 707 (base 12) in base 14?
527
Convert -1414 (base 9) to base 4.
-100222
Convert 438a (base 14) to base 10.
11686
Convert 1ac0 (base 14) to base 12.
29a0
-15135 (base 9) to base 11
-7831
What is 39b (base 12) in base 2?
1000100111
1466 (base 7) to base 5
4322
Convert -61625 (base 8) to base 16.
-6395
-645 (base 9) to base 7
-1352
Convert -24b (base 13) to base 6.
-1505
What is -11739 (base 10) in base 7?
-46140
Convert 320 (base 14) to base 11.
510
-1230112 (base 4) to base 13
-3205
-2545 (base 6) to base 10
-641
Convert 1b2 (base 12) to base 9.
338
Convert -2ab5 (base 13) to base 16.
-1858
What is -23564 (base 9) in base 15?
-4a17
What is -25532 (base 7) in base 12?
-3b15
Convert 21020 (base 3) to base 11.
168
Convert -8551 (base 11) to base 3.
-120111212
What is -24351 (base 8) in base 14?
-3b61
Convert -1110101000111101 (base 2) to base 5.
-3404330
What is 88a (base 11) in base 8?
2052
Convert 17b8a (base 13) to base 3.
2022222111
-120111222 (base 3) to base 8
-26060
What is 17ea (base 15) in base 8?
12062
Convert 707 (base 13) to base 10.
1190
What is -25a4 (base 13) in base 2?
-1010011111101
Convert -375 (base 14) to base 15.
-311
-121120 (base 3) to base 8
-677
Convert 5336 (base 7) to base 15.
85e
Convert -622 (base 8) to base 14.
-20a
Convert -10000321 (base 4) to base 6.
-204041
-147a (base 13) to base 3
-11002011
What is -10672 (base 11) in base 10?
-15446
-3dc (base 15) to base 8
-1562
What is -23205 (base 8) in base 13?
-4647
Convert -31211 (base 4) to base 12.
-605
What is 41502 (base 8) in base 5?
1022333
Convert 51240 (base 7) to base 12.
7276
67a (base 15) to base 9
2007
-1580 (base 9) to base 3
-1122200
Convert 2d3c (base 15) to base 2.
10011000000100
3274 (base 8) to base 13
a28
10001101000 (base 2) to base 15
503
What is -2823 (base 9) in base 10?
-2127
What is 199 (base 16) in base 5?
3114
3140 (base 5) to base 3
120120
What is -405 (base 13) in base 11?
-56a
What is 2424 (base 9) in base 10?
1804
What is -105 (base 7) in base 10?
-54
What is -50461 (base 7) in base 11?
-9221
What is -10001001010 (base 2) in base 15?
-4d3
1111111010011 (base 2) to base 7
32516
Convert 5a (base 12) to base 7.
130
-7a0 (base 11) to base 9
-1273
What is -4d99 (base 16) in base 7?
-111626
What is eec8 (base 16) in base 11?
41a21
What is 51206 (base 8) in base 4?
11022012
3254 (base 11) to base 5
114134
Convert 1621 (base 9) to base 6.
5414
What is 371 (base 11) in base 13?
27c
Convert 364 (base 11) to base 2.
110110001
What is -3513 (base 7) in base 12?
-8b0
-4148 (base 9) to base 15
-d7b
7b40 (base 13) to base 7
101260
What is -2863 (base 9) in base 5?
-32123
What is 110110100100 (base 2) in base 9?
4710
Convert -8197 (base 12) to base 10.
-14083
Convert 11212 (base 3) to base 16.
83
Convert -10122201 (base 3) to base 5.
-41130
Convert -4758 (base 14) to base 3.
-122001020
Convert 100320 (base 4) to base 15.
4c0
Convert -274 (base 11) to base 9.
-388
What is -7296 (base 10) in base 11?
-5533
Convert 965 (base 13) to base 10.
1604
110222 (base 5) to base 14
1564
What is 111103 (base 4) in base 11?
102a
b0a (base 15) to base 16
9b5
What is 1003300 (base 4) in base 16?
10f0
-8b9 (base 12) to base 14
-685
Convert -712 (base 9) to base 14.
-2d4
What is 1b7 (base 14) in base 13?
216
What is -1543 (base 8) in base 7?
-2346
Convert -181 (base 16) to base 15.
-1aa
What is -2024 (base 6) in base 12?
-314
Convert -10111 (base 3) to base 10.
-94
-1010110000110010 (base 2) to base 14
-120ca
-450 (base 7) to base 11
-1a0
What is 4525 (base 11) in base 10?
5956
-20877 (base 10) to base 7
-114603
Convert -110102 (base 3) to base 6.
-1315
132 (base 9) to base 16
6e
What is -8312 (base 10) in base 6?
-102252
-41654 (base 8) to base 14
-6456
-1011111 (base 2) to base 10
-95
-1100100100001 (base 2) to base 13
-2c0b
What is 190 (base 15) in base 13?
219
-4258 (base 10) to base 6
-31414
What is -104324 (base 5) in base 14?
-14d4
What is 1644 (base 9) in base 15?
58a
Convert 2bc (base 13) to base 9.
607
12333 (base 6) to base 2
11101000001
2801 (base 9) to base 14
aa7
-133515 (base 8) to base 14
-1315b
Convert -104110 (base 5) to base 11.
-2823
Convert 11316 (base 12) to base 11.
16241
Convert 1010100010010100 (base 2) to base 13.
16849
-28835 (base 10) to base 13
-10181
Convert -10100001 (base 2) to base 7.
-320
13121 (base 4) to base 9
575
What is -239 (base 15) in base 12?
-360
What is 144 (base 12) in base 5?
1241
What is 494 (base 12) in base 3?
221111
Convert -20212 (base 4) to base 6.
-2314
What is -796 (base 11) in base 5?
-12302
Convert 1486 (base 10) to base 2.
10111001110
Convert -2166 (base 8) to base 2.
-10001110110
Convert -140112 (base 5) to base 2.
-1011000011001
Convert 20121 (base 3) to base 9.
217
What is 2345 (base 8) in base 6?
5445
What is -62273 (base 8) in base 15?
-7992
Convert 2222202 (base 3) to base 10.
2180
-1220220 (base 3) to base 8
-2571
Convert -5534 (base 15) to base 4.
-10122001
Convert 2312 (base 12) to base 3.
12100112
20030330 (base 4) to base 16
833c
9f9 (base 16) to base 6
15453
What is 20b4 (base 13) in base 15?
152b
Convert 23122123 (base 4) to base 11.
32138
-8244 (base 9) to base 5
-143114
-2d0b (base 16) to base 8
-26413
Convert -341200 (base 6) to base 8.
-70200
Convert 10001010111100 (base 2) to base 6.
105100
What is 2b63a (base 12) in base 7?
343660
Convert -1a832 (base 12) to base 15.
-b93b
What is 15046 (base 8) in base 9?
10157
Convert -13020112 (base 4) to base 6.
-343114
What is 103613 (base 7) in base 13?
8345
-102312 (base 4) to base 10
-1206
-1612 (base 12) to base 13
-1256
Convert -1120201200 (base 3) to base 12.
-16039
-1263 (base 12) to base 15
-946
-204330 (base 5) to base 4
-1222320
What is -3033 (base 5) in base 13?
-243
40325 (base 7) to base 13
45a7
a09 (base 16) to base 4
220021
What is -346 (base 11) in base 3?
-120022
377 (base 11) to base 5
3242
Convert 68b0 (base 16) to base 12.
13614
What is 3b6 (base 14) in base 3?
1000201
Convert 1200011001 (base 3) to base 9.
50131
Convert 24a99 (base 11) to base 10.
35924
Convert -110111 (base 2) to base 7.
-106
-784 (base 12) to base 2
-10001010100
What is 1400 (base 5) in base 13?
144
What is -667b (base 13) in base 7?
-56454
What is 1519 (base 14) in base 9?
5123
-1001100011 (base 2) to base 5
-4421
-512021 (base 6) to base 5
-2244441
Convert 14 (base 12) to base 7.
22
Convert -21b (base 16) to base 9.
-658
-32330132 (base 4) to base 9
-102865
-5701 (base 12) to base 4
-21